 -2 + 7*d + 8*d + 11*d - 22*d. Let f be g(3). Let a = 106 + -76. Calculate the greatest common divisor of f and a.
10
Let v(n) be the third derivative of -n**4/12 + 4*n**3 + 27*n**2 + 2. Let k be v(-12). Calculate the highest common divisor of k and 36.
12
Let r = -5 + 10. Let o(a) = a**2 + 19*a - 118. Let g be o(-24). Let m be g/r + (-3 - 136/(-10)). What is the greatest common factor of m and 55?
11
Suppose 6*u - 153 = -2*v + 1087, 3*u - 613 = -2*v. Let m(w) = w**2 - w + 22. Let y be m(0). What is the highest common factor of u and y?
11
Let y = 249 - 241. Let c = -27 - -35. Calculate the highest common divisor of y and c.
8
Suppose -4*a = -4*g - 20, 4*a = 4*g + 5*a - 5. Let u = g - 14. Let i be (-120)/u*(441/6)/7. Calculate the greatest common factor of 20 and i.
10
Let h = 171893 - 171218. Suppose -5*n + 531 - 156 = 0. Calculate the greatest common divisor of h and n.
75
Suppose 31*n = -4*n - 36*n + 5467. What is the highest common divisor of n and 77?
77
Let y(x) = -x**2 - 39*x - 73. Let g be y(-11). Suppose 10*w + 75 - g = 0. What is the highest common divisor of 2 and w?
2
Let k = 2997 + -2436. What is the highest common divisor of 102 and k?
51
Let y(z) = 23*z**2 + 62*z + 51. Let k(q) = 8*q**2 + 21*q + 17. Let m(a) = 17*k(a) - 6*y(a). Let x be m(-5). Calculate the highest common divisor of 4 and x.
4
Let m(c) = c - 76. Let r be m(5). Let s = r + 109. What is the highest common divisor of 38 and s?
38
Suppose 32*z + 350 = 20*z + 19*z. What is the highest common factor of 4825 and z?
25
Let n be 12*16/12*1. Let v be -4 - (-20 - (4 - 0)). Let q be 1275/v + 3/12. What is the highest common factor of n and q?
16
Suppose 33*h + 32*h = 59*h + 5124. What is the highest common divisor of h and 84?
14
Suppose -13*u + 149 - 45 = 0. Let y = -15 - -11. Let c be (-2 + -5 - y) + 67. What is the highest common divisor of c and u?
8
Suppose -5*h + 48 = h. Let l(t) = t**2 - 7*t - 3. Let f be l(h). Suppose 0 = 28*n - 21*n - 315. What is the highest common divisor of f and n?
5
Let s be (560/(-100))/(-7) - ((-1332)/10 - -2). What is the greatest common factor of 220 and s?
44
Let n = 572 + 82. Let a be (-6)/(-14) - (7 - n/42). What is the highest common factor of a and 24?
3
Let u(t) be the first derivative of -2*t**3/3 - t**2 + 493*t - 16. Let r be u(0). What is the greatest common factor of 17 and r?
17
Suppose -c = -h + 7145, 2*h + 0*c + 4*c = 14284. What is the highest common factor of 47 and h?
47
Let r be 1 + 18/(-14) - 24/((-5376)/864928). What is the greatest common factor of 792 and r?
99
Let n be (-3)/(-6) - 58/(-4). Let z be ((-10)/n)/((-3)/((-90)/(-4))). Let f be z*(-1 + (12/3)/2). What is the highest common divisor of 35 and f?
5
Let g be (-8)/(-28) + 63/(-49) + 6. Suppose -r = -j + 101, g*j - 2*j = -5*r + 327. What is the highest common divisor of 39 and j?
13
Suppose -13*l = 5*l - 432. Let y be -2*l/9*-3. What is the greatest common divisor of y and 2?
2
Let d = -37 - -20. Let c = 71 + d. Suppose -97*r = 33*r - 2340. Calculate the highest common divisor of c and r.
18
Suppose 0 = 121*n - 130*n + 63. Suppose -1719 = -n*j + 1130. What is the highest common factor of j and 11?
11
Let y be (-4)/(-2*(-5)/20*-1). Let d be y/4 + (-11)/(44/(-144)). What is the highest common divisor of d and 95?
19
Let l be (-12)/16*20/(-5). Suppose 59 = m + 4*s, -5*m + l*s - 32 = -212. What is the greatest common divisor of 12 and m?
3
Let s = 12377 - 11912. What is the greatest common factor of s and 435?
15
Let x = 188 - 175. Suppose x*q - 4610 - 7948 = 0. What is the greatest common divisor of q and 42?
42
Let z(h) = 96*h**2 - 113*h - 899. Let v be z(-7). Calculate the greatest common divisor of 12 and v.
12
Suppose 7*r = 3*r + 40. Suppose -b - 6 = -r. Let l be 2/8 - (-508)/16. Calculate the highest common factor of l and b.
4
Suppose 0*m = -m + 12. Let p(u) = -2*u - 5*u**2 + 3*u**2 + m*u**3 + 1 + 2*u. Let n be p(1). Calculate the greatest common factor of n and 11.
11
Let j(u) = 2*u - 97. Let r(n) = n - 50. Let s(v) = -6*j(v) + 11*r(v). Let k be s(4). What is the highest common divisor of 70 and k?
14
Let i(g) = g**3 - 22*g**2 - 21*g - 48. Let t be i(23). Let p be 20 - (-1 + 1 + -1). Let r = t + p. What is the highest common divisor of r and 38?
19
Let l be (-4)/78 - (-170560)/4056. What is the greatest common divisor of l and 8540?
14
Let o be 2298/(-8) + 57/(-76). Let w = -188 - o. What is the highest common factor of 75 and w?
25
Suppose 0 = -3*r - 5*a + 102, 372*r - 3*a = 367*r + 238. Calculate the greatest common factor of r and 38368.
44
Suppose 3*x + 2*d + 295 = 0, x + 3*d - 61 + 157 = 0. Let f = -49 - x. What is the highest common divisor of f and 70?
10
Suppose -1620 = -5*v - 5*r, 307*v - 309*v - 4*r + 640 = 0. What is the highest common factor of 8 and v?
8
Let t = 1144 + -656. Let m = t - 118. What is the highest common factor of m and 222?
74
Suppose 20*a - 7507 = 1173. Calculate the greatest common factor of a and 62.
62
Let o be 108/351*13 + 11*1. What is the greatest common factor of 545 and o?
5
Let p = -12 + 27. Let c(i) = 8*i**3 + 294*i**2 - 69*i + 203. Let u be c(-37). Calculate the greatest common factor of u and p.
3
Suppose 6*v = m + 10*v - 228, v + 253 = m. Calculate the greatest common divisor of m and 868.
124
Let m = 51 + -27. Suppose p - 30 = -5*v, -12*p + 16*p - 5 = 3*v. Suppose 4*a + 221 = 5*j + 129, 0 = -v*a - 15. Calculate the greatest common divisor of m and j.
8
Let z = 508 - 478. Let y(o) = o + 11. Let j be y(-8). Suppose -j*h + 224 = 44. What is the highest common divisor of h and z?
30
Suppose 22 - 10 = 6*r. Let t(k) = 2*k**2 - k - 4. Let d be t(r). Suppose 0 = 4*v - d*p - 18, -v + 3*p + 15 = -p. What is the highest common factor of 9 and v?
3
Let h(z) = -111*z**3 - 6*z**2 - 12*z - 16. Let i be h(-2). What is the greatest common factor of i and 16?
8
Suppose -59 = -0*p - 3*p - 5*y, p - 5*y = 13. Suppose -4*v = -v - p. Suppose 0 = v*n - 58 - 26. Calculate the highest common divisor of 21 and n.
7
Let z = -362 + 377. Let v be 2 - z*9/(-27). Calculate the greatest common divisor of 707 and v.
7
Let n = 6435 + -1966. What is the greatest common divisor of n and 41?
41
Suppose -17*z = -15*z + 12*k - 104, 0 = 3*z - 2*k - 276. What is the highest common divisor of 25 and z?
1
Let k(i) = 981*i**2 + 12*i - 12. Let b be k(1). Suppose b + 5718 = 21*a. What is the greatest common divisor of 29 and a?
29
Suppose 69*i = -11*i + 4240. Calculate the greatest common divisor of 901 and i.
53
Suppose 0 = -v + 17 - 6. Let m = -8 + v. Suppose 429 - 52 = 18*h + 53. What is the highest common factor of m and h?
3
Let q(o) = o**2 - 10*o + 18. Let m be q(2). Let w be ((-40)/(-15))/(m/228). Calculate the greatest common factor of w and 19.
19
Suppose -5*j = 27 - 512 + 45. Calculate the greatest common factor of j and 198.
22
Let j(q) = 7*q - 4. Let x be j(3). Let n be (-4)/(-12) - x/(-3). Suppose 0 = -r + a - 0 + 15, -5*r - 15 = 5*a. What is the highest common factor of n and r?
6
Suppose 24*q - 22*q = 940. Let x = -398 + q. Calculate the greatest common divisor of 16 and x.
8
Suppose -8*z + 18*z + 84 = 17*z. Calculate the greatest common divisor of z and 384.
12
Let g(x) = 160*x - 6712. Let w be g(42). Calculate the greatest common factor of 9848 and w.
8
Let v(j) be the first derivative of j**4/4 - 3*j**3 + j**2/2 - 5*j + 27. Let k be v(9). Suppose 97 = k*z - 7. What is the highest common divisor of 13 and z?
13
Let v(h) = h**2 + 83*h - 17*h**2 - h**2 + 9*h**2. Let t be v(10). Calculate the highest common factor of 750 and t.
30
Suppose 8*j + 24 = 11*j. Suppose -k = -1 - j. Let p be 0 + -1 - (-2 - k). Calculate the greatest common divisor of p and 2.
2
Suppose 2*o = 5*l - 1446, -5*l + 1422 = -72*o + 73*o. What is the greatest common divisor of l and 1738?
22
Let l = 8230 + -8171. What is the greatest common factor of 6077 and l?
59
Let w = 8965 + -8121. What is the highest common divisor of 1 and w?
1
Let u = 11058 + -9362. Calculate the highest common divisor of 96 and u.
32
Let q(r) = -250*r + 2551. Let d be q(10). Calculate the greatest common factor of 5253 and d.
51
Let n = -5132 - -5139. Let k = 68 + -12. What is the highest common divisor of n and k?
7
Let k be (15 + (-315)/14)*(-8)/6. Let m(n) = n**3 + 5*n**2 - 2*n - 2. Let t be m(3). 